
7, 23
Suppose 4*a - 18 = -6. Suppose -f + 156 = -a*k, 4*k = -5*f + 3*k + 748. What are the prime factors of f?
2, 3, 5
Suppose -5*w + 11 + 14 = 0. Suppose -3*z = 4*x - 736, 350 = -w*x + 7*x - 3*z. What are the prime factors of x?
181
Suppose -32406 = -29*f + 39688. What are the prime factors of f?
2, 11, 113
Let y = 13 + -13. Suppose -3*c = -2*x + 44, y = 5*c + x - 11 + 67. Let i = c + 36. List the prime factors of i.
2, 3
Let f(y) = 13*y**2 - 75*y - 3. What are the prime factors of f(9)?
3, 5
Let n be (0 - 4)*(-2 + (-6)/8). Let w(d) = -d + 33. List the prime factors of w(n).
2, 11
Let t be 10108/(-95) - (-2)/5. Let b = t + 199. What are the prime factors of b?
3, 31
Let r = 84 + -70. Suppose r*j - 7*j = 392. List the prime factors of j.
2, 7
Let k(f) = 19*f**2 - 4*f - 3. Let j be k(-2). Suppose v + 20 - 50 = 4*b, 0 = -3*v + 3*b + j. List the prime factors of v.
2, 13
Suppose 0 = -16*g - 3389 + 13069. List the prime factors of g.
5, 11
Let p(d) = -d**3 - 8*d**2 + d. Let j be p(-8). Suppose 32 = 3*q - 28. Let c = q + j. What are the prime factors of c?
2, 3
Suppose -2*v - 610 = -3*y + 3*v, 1 = v. What are the prime factors of y?
5, 41
Suppose 5*n + 4*h = h - 125, 2*n = -5*h - 69. Let x = n - -92. What are the prime factors of (-378)/(-10) + 14/x?
2, 19
Let c(m) = 56*m - 8 - 1 + 15 + 0. What are the prime factors of c(5)?
2, 11, 13
Let l(q) = 3*q**2 + 4*q + 1. Let h be l(4). Suppose 25 + h = 3*c. Suppose -4*o = -3*o - c. What are the prime factors of o?
2, 3, 5
Suppose 8*w - 138*w = -102700. List the prime factors of w.
2, 5, 79
Suppose 2*w - 39 = -33. Suppose 2*c + 150 = 4*v, -w*c = -5*c + 2. What are the prime factors of v?
2, 19
Suppose 3*w - 4 = 5*w + 4*o, 5*o - 9 = w. List the prime factors of w/8*0 + 3.
3
Suppose 0 = 4*s - 2*o - 1780, 467 = s + 2*o + 32. What are the prime factors of s?
443
Let k(f) = -25*f - 20. Let d = 55 + -62. List the prime factors of k(d).
5, 31
Let f(h) = 2*h**2 + 15*h - 4. Let i be f(-12). Suppose 0 = 5*p - i - 6. What are the prime factors of p?
2, 11
Suppose -v + 2 = 4*n, -v + 2*n - 2 = -2*v. Suppose 4 = v*q - 10. Suppose 5*m = 23 + q. List the prime factors of m.
2, 3
Let m = -12 - -5. Let h(q) = q**3 + q**2 - 2*q - 10. Let g be h(m). List the prime factors of (-2)/(-6) + g/(-30).
2, 5
Let x(a) = -a**3 + a**2 - 2*a + 3. Let r be x(0). Let j(f) be the first derivative of f**4/4 + 3*f**2/2 + 4*f + 4. List the prime factors of j(r).
2, 5
Let c = -1507 + 2353. What are the prime factors of c?
2, 3, 47
Let p(v) = 57*v**3 - 4*v**2 - 52*v + 204. List the prime factors of p(4).
2, 5, 179
Let x be 25 + -1 + 4 - -2. Suppose 2*y + y = -x. Let r = -8 - y. What are the prime factors of r?
2
Let y(c) = -c**3 - 4*c**2 + 11*c + 6. Let x be y(-6). What are the prime factors of 705/(-6)*x/(-10)?
3, 47
Let c = -1191 + 2670. List the prime factors of c.
3, 17, 29
Let z = 52 + -25. Suppose -5*v - 4*o + z = 0, 0*o - 15 = -5*o. List the prime factors of v.
3
Let t(n) = -n + 8. Let y be t(9). Let u be (0/y - -18) + -2. Suppose u + 16 = 2*s. What are the prime factors of s?
2
Let s(m) be the first derivative of 2*m**3/3 - 7*m**2/2 - 15*m - 25. List the prime factors of s(-6).
3, 11
Let y = -12 + 12. Suppose -113 = -5*m + a + 2*a, -4*m + 2*a + 92 = y. What are the prime factors of m?
5
Suppose 7*m - 344 = 8*m. Let y = -241 - m. Suppose 5*x - 22 = y. What are the prime factors of x?
5
Suppose 0 = -a + 5*k + 340, -4*k = a + a - 652. Suppose 2*l - 211 = -2*o + 3*o, -3*l + a = 3*o. What are the prime factors of l?
107
List the prime factors of (-6)/(-5) + (-21945)/(-25).
3, 293
Let b = 1581 + -659. List the prime factors of b.
2, 461
Let u(w) = w**3 + 15*w**2 - 16*w + 4. Let n be u(-16). Suppose -g = n*v - 91, -3*g = -3*v - 142 - 71. What are the prime factors of g?
3, 5
Suppose -5*o - 2*r + 1485 = -0*r, 4*o = 2*r + 1188. Let m be ((-1)/3)/((-1)/o). Let d = m - 62. List the prime factors of d.
37
Let a(v) = 712*v**2 - 42*v + 88. List the prime factors of a(2).
2, 23, 31
Let m(o) = 2*o**3 - 19*o**2 - 58*o - 13. What are the prime factors of m(12)?
11
Let g = 6 + -8. Let q(m) = -18*m - 8*m + 3*m + 3. What are the prime factors of q(g)?
7
Let a = -1 + 54. Suppose -3*l - a = -4*l - 2*y, -4*y - 139 = -3*l. What are the prime factors of l?
7
Suppose a - 69 = -5*n - 329, -3*n - 158 = a. Let f = -20 - n. What are the prime factors of f?
31
Suppose x + 5*h = -6 - 9, 5*h = -5*x + 5. Suppose -x*s = -s - 152. What are the prime factors of s?
2, 19
What are the prime factors of 244/10*(-15)/(-12)*20?
2, 5, 61
Suppose -22*i + 10 = -21*i. Let d be 98/i - 8/10. Suppose 0 = -2*j + d*j - 364. What are the prime factors of j?
2, 13
Suppose 5*j = 6*j + 3*g - 25, 185 = 4*j - 5*g. Suppose -8 = -f - 4*w - 17, -36 = -4*f + 2*w. Suppose z + f = j. What are the prime factors of z?
3, 11
Let l(i) = -i**3 + 8*i**2 + 2*i + 14. Let n be l(8). Suppose 138 = n*j - 27*j. What are the prime factors of j?
2, 23
Let k(q) = -6*q - 3. Let w(d) = 3*d + 2. Let l(n) = n**2 - 11*n + 11. Let v be l(8). Let f(b) = v*w(b) - 6*k(b). List the prime factors of f(-13).
31
Suppose 0 = 26*f - 28*f + 3*g + 4183, 4*f - 2*g - 8346 = 0. What are the prime factors of f?
2, 521
Let q(t) = -t**3 + 3*t + 1. Let a be q(-2). What are the prime factors of 2*a*(-63)/(-18) + -4?
17
Suppose p + 2*d + 10 = 2*p, -22 = -3*p + 2*d. Let k(x) = 13*x - 9. List the prime factors of k(p).
3, 23
Suppose 3887 = 7*h + 1122. List the prime factors of h.
5, 79
Let t be 5 - (-7)/(28/(-16)). What are the prime factors of (t + -2)*(-1 - (0 + 3))?
2
Let g(i) = -18*i**2 - i - 2. Let b be g(-2). Let x = 12 - b. List the prime factors of x.
2, 3, 7
Let r(t) = 1552*t**3 - 2*t**2 + 5*t - 3. What are the prime factors of r(1)?
2, 97
Let z = -1060 - -2341. List the prime factors of z.
3, 7, 61
Suppose -5*m + 2 = -3*m. Let k be (-7 + m)*(-23)/(-3). What are the prime factors of (k/(-4))/(1/2)?
23
Let t = -23 + 25. Suppose 3*i + 5*j - 304 = 0, 3*i - t*i + j - 104 = 0. Suppose -s - 2*s = -i. List the prime factors of s.
2, 3
Suppose 11*o - 7929 = -1857. List the prime factors of o.
2, 3, 23
List the prime factors of 464 + (32/(-18) - (-4)/(-18)).
2, 3, 7, 11
Suppose -891 - 674 = -5*o + 4*d, 0 = -5*o - d + 1565. List the prime factors of o.
313
Let l be 5/(30/(-4))*-9. Suppose 2*v - l = 2*u, v + u = 3*v - 1. Let z(y) = -6*y + 4. List the prime factors of z(v).
2
Suppose -5*y + 3*i - 66 = 0, -4*i + 2*i = -4. Let p(o) = -o**2 - 22*o - 18. What are the prime factors of p(y)?
2, 3, 17
Let k = -11 - -20. Suppose 5*a - 56 = 3*a. Let i = a + k. List the prime factors of i.
37
Let v(n) = -3*n**2 - 21*n + 20. Let r(i) = i**2 + 7*i - 7. Let c(u) = -7*r(u) - 2*v(u). Let b be c(7). Let y = -51 - b. List the prime factors of y.
2, 19
Let n be (9 - 3)*(-290)/(-6). Suppose -3*q + 2*t + n = t, -t = -4. What are the prime factors of q?
2, 7
Let s(q) = -q**2 + 13*q - 40. Let t be s(8). Suppose -6*r + 169 + 551 = t. What are the prime factors of r?
2, 3, 5
Suppose 0*j - 1 = -j. Let n(w) = w. Let q be n(j). What are the prime factors of (24 + 3 + 0)*q?
3
Suppose 0 = 4*c - 539 - 261. Suppose 0 = 2*f - 8 - c. List the prime factors of f.
2, 13
Let c be ((-1)/6*2)/(1/(-9)). Suppose -3*m = -3, -c*b + 643 = b - 5*m. List the prime factors of b.
2, 3
Suppose 3*a + g - 1214 = 532, 5*a = -g + 2912. List the prime factors of a.
11, 53
Suppose w + 4*w = -70. Let k = 33 + w. List the prime factors of k.
19
Let u = -59 - -35. Suppose -30 = -w + 13. Let z = w + u. List the prime factors of z.
19
Suppose 2*d - 3 = d + 2*f, 0 = 2*d + 4*f - 6. Suppose -h + 4*o = -0*h - d, -12 = -h - 5*o. Let s(b) = b**2 - 5*b - 10. List the prime factors of s(h).
2
Let f(s) = -2*s**2 - 34*s + 2. Let w be f(-17). Suppose w*k = -4*h + 626, -2*h - 5*k = h - 473. What are the prime factors of h?
2, 3, 13
Let o(d) = -d**3 - 8*d**2 - 9*d - 12. Let h be o(-7). Suppose h*m = 3*p + 22, -3*p = -2*m + m + 11. Let i = 86 - m. What are the prime factors of i?
3, 5
Let l(y) = -y**2 - 140*y - 69. What are the prime factors of l(-44)?
3, 5, 277
Let s(b) = -b**3 - b**2 + b + 1. Let r(l) = -3*l**3 + l**2 + 4*l + 11. Let k(j) = r(j) - 4*s(j). Suppose -3*i + 2 - 17 = 0. What are the prime factors of k(i)?
7
Suppose 3*o - 5*k = -3*k + 20, -4*o + 4 = 3*k. Suppose -5*b - o - 6 = 0. What are the prime f